s 34590503 a composite number?
True
Is 49347859 a prime number?
False
Is 5469979 composite?
True
Is 70097 composite?
True
Is 56779291 a composite number?
False
Is 2246479 prime?
False
Is 161826799 prime?
True
Is 22362503 composite?
False
Is 2384017 composite?
False
Is 4431871 a composite number?
False
Is 6210595 a composite number?
True
Is 34098479 prime?
True
Is 6334837 prime?
True
Is 213154391 prime?
False
Is 208609 composite?
False
Is 29000753 composite?
False
Is 65022473 prime?
True
Is 16182169 prime?
False
Is 5384567 prime?
False
Is 17914937 a prime number?
False
Is 124412387 prime?
False
Is 15164839 composite?
False
Is 87867007 composite?
False
Is 261058823 prime?
True
Is 45097259 prime?
True
Is 22660849 composite?
True
Is 388300687 prime?
True
Is 176716857 a prime number?
False
Is 180407 prime?
False
Is 10391 a composite number?
False
Is 2148071 prime?
True
Is 26971949 a composite number?
True
Is 10962617 a composite number?
False
Is 18553099 composite?
False
Is 6579611 prime?
False
Is 5994407 a prime number?
False
Is 1818521 prime?
True
Is 7313951 prime?
True
Is 25220597 a prime number?
True
Is 1713167 composite?
False
Is 164953 a prime number?
True
Is 6740431 prime?
False
Is 5122385 a composite number?
True
Is 88351267 a composite number?
False
Is 35804047 composite?
True
Is 8443489 a composite number?
False
Is 11606909 prime?
True
Is 10699357 a prime number?
False
Is 11475265 prime?
False
Is 6542351 a prime number?
True
Is 15040594 prime?
False
Is 23095157 a prime number?
False
Is 69117803 a prime number?
False
Is 15564713 a prime number?
True
Is 5303071 composite?
True
Is 1186667 a prime number?
False
Is 191559353 a composite number?
False
Is 2351431 a prime number?
False
Is 89966717 composite?
False
Is 54553571 composite?
False
Is 77102671 a prime number?
True
Is 463134307 composite?
True
Is 38565077 prime?
False
Is 153059069 composite?
False
Is 614191 a composite number?
True
Is 4465939 a prime number?
False
Is 71737733 a prime number?
True
Is 438793 a composite number?
False
Is 37975331 prime?
False
Is 23926379 a composite number?
True
Is 23179327 a composite number?
True
Is 19477949 a prime number?
True
Is 662867 a prime number?
True
Is 9324253 a composite number?
False
Is 272182549 a prime number?
False
Is 12523519 composite?
False
Is 174910495 a composite number?
True
Is 197013605 a composite number?
True
Is 6020681 composite?
False
Is 9426197 prime?
False
Is 9736981 a composite number?
True
Is 93676111 a composite number?
True
Is 2829823 composite?
True
Is 137987783 composite?
True
Is 13978213 a composite number?
True
Is 218747257 a composite number?
False
Is 8097799 composite?
True
Is 373447 prime?
True
Is 25903519 prime?
False
Is 3163 a composite number?
False
Is 18996917 a prime number?
True
Is 92488967 composite?
False
Is 1605509 a composite number?
False
Is 10480413 prime?
False
Is 1856581 a prime number?
True
Is 448233533 a composite number?
True
Is 6627851 prime?
True
Is 2218937 a prime number?
False
Is 995719 a composite number?
False
Is 350892179 composite?
True
Is 17172671 a prime number?
True
Is 1093579 a composite number?
True
Is 467269589 a composite number?
False
Is 71183191 a prime number?
True
Is 67924642 a prime number?
False
Is 524497 a prime number?
True
Is 17234057 prime?
True
Is 46432121 a prime number?
True
Is 964477 a prime number?
False
Is 2913697 a composite number?
False
Is 142370347 prime?
False
Is 10216441 composite?
False
Is 26072447 a composite number?
True
Is 144802186 a composite number?
True
Is 21501769 a prime number?
False
Is 52111883 prime?
False
Is 119489 composite?
False
Is 43919609 a prime number?
True
Is 8742887 composite?
False
Is 104310529 a prime number?
True
Is 313631 composite?
True
Is 3638143 a composite number?
True
Is 32521261 a composite number?
True
Is 29781071 composite?
True
Is 8025389 a prime number?
True
Is 85366727 a composite number?
False
Is 2048681 prime?
False
Is 43564361 a prime number?
False
Is 4783677 a prime number?
False
Is 349128991 prime?
True
Is 11311 prime?
True
Is 18870233 a prime number?
True
Is 4583039 composite?
False
Is 38248043 a prime number?
False
Is 4390717 composite?
False
Is 22254889 composite?
False
Is 93011285 a prime number?
False
Is 4481479 a prime number?
True
Is 7479886 composite?
True
Is 5529149 a prime number?
True
Is 1622639 a composite number?
False
Is 9566717 composite?
False
Is 51487343 composite?
False
Is 136709711 composite?
False
Is 31381669 a composite number?
True
Is 12022727 a composite number?
False
Is 2532683 a prime number?
False
Is 242927 composite?
False
Is 16836541 prime?
False
Is 7599509 composite?
False
Is 120582977 composite?
False
Is 7140547 prime?
True
Is 3632903 a prime number?
True
Is 260864339 prime?
True
Is 11064337 prime?
False
Is 87488021 a prime number?
False
Is 2986859 composite?
False
Is 11681717 prime?
True
Is 19578145 composite?
True
Is 9797269 prime?
False
Is 147042173 composite?
True
Is 595729 a prime number?
False
Is 3894001 a composite number?
False
Is 2506187 prime?
False
Is 52418239 a prime number?
True
Is 47711789 prime?
False
Is 9219242 a composite number?
True
Is 1283731 prime?
True
Is 121172449 prime?
True
Is 88062053 prime?
False
Is 626477 prime?
True
Is 8839409 a composite number?
False
Is 966139 a prime number?
True
Is 18202819 a prime number?
True
Is 2466733 a prime number?
False
Is 182058419 composite?
False
Is 523339 composite?
True
Is 22624577 a prime number?
True
Is 71826173 a prime number?
False
Is 17267423 composite?
False
Is 98789 a prime number?
False
Is 57113857 a prime number?
False
Is 290651 composite?
True
Is 613807 a composite number?
False
Is 3563383 prime?
True
Is 1113037 prime?
False
Is 715019 a composite number?
False
Is 18467243 composite?
False
Is 660739829 a composite number?
True
Is 15162949 prime?
True
Is 276733 composite?
True
Is 3448597 composite?
True
Is 18810593 composite?
False
Is 16524749 a prime number?
True
Is 8332351 composite?
False
Is 903569 composite?
False
Is 1160713 composite?
False
Is 1155535 a prime number?
False
Is 39319249 prime?
False
Is 467111 a prime number?
False
Is 64651 composite?
True
Is 44627209 composite?
True
Is 18234191 a prime number?
False
Is 3292649 a prime number?
False
Is 4686791 a composite number?
True
Is 49608457 composite?
False
Is 2904821 composite?
False
Is 1913443 a composite number?
True
Is 38057213 prime?
True
Is 23881483 composite?
False
Is 4449507 a prime number?
False
Is 2604877 prime?
False
Is 145359119 a composite number?
False
Is 7443239 composite?
False
Is 836860067 prime?
True
Is 41632361 a prime number?
False
Is 8278233 a composite number?
True
Is 26898427 composite?
False
Is 33479261 a composite number?
False
Is 115514747 a composite number?
False
Is 434105401 prime?
True
Is 180612379 prime?
True
Is 141338627 a prime number?
True
Is 267077509 composite?
True
Is 3763141 a composite number?
False
Is 2594161 prime?
True
Is 11840485 a prime number?
False
Is 784717 a prime number?
True
Is 254299489 prime?
True
Is 24990347 prime?
True
Is 9653617 a composite number?
True
Is 136358291 a prime number?
True
Is 11334847 composite?
False
Is 4884013 prime?
False
Is 2254405 a composite number?
True
Is 1357333 a composite number?
False
Is 350927 prime?
False
Is 83689 a composite number?
False
Is 4402391 prime?
False
Is 4928849 composite?
True
Is 39564353 prime?
True
Is 20610347 a prime number?
True
Is 48421 prime?
False
Is 814942 a composite number?
True
Is 6352933 a prime number?
True
Is 492229 composite?
True
Is 17671817 prime?
False
Is 58140059 a prime number?
True
Is 213347 prime?
False
Is 850711 a prime number?
True
Is 111764297 a composite number?
False
Is 53280587 prime?
True
Is 5306729 prime?
True
Is 10268009 prime?
True
Is 55624133 composite?
False
Is 1507703 a prime number?
False
Is 578720127 composite?
True
Is 4153657 composite?
True
Is 3464779 a prime number?
True
Is 459821 a prime number?
False
Is 191949871 a composite number?
False
Is 41585021 prime?
True
Is 5994301 a composite number?
False
Is 255413 composite?
False
Is 1142737 prime?
True
Is 3088529 a composite number?
True
Is 11909221 a composite number?
False
Is 6929717 prime?
True
Is 474340367 prime?
True
Is 16401569 prime?
False
Is 8357883 a composite number?
Tr